{"id":103,"date":"2012-02-02T18:48:01","date_gmt":"2012-02-02T17:48:01","guid":{"rendered":"http:\/\/studiolegarage.com\/WordPress3\/?page_id=103"},"modified":"2023-10-15T19:21:46","modified_gmt":"2023-10-15T17:21:46","slug":"divers","status":"publish","type":"page","link":"https:\/\/studiolegarage.com\/WordPress3\/?page_id=103","title":{"rendered":"Divers"},"content":{"rendered":"<ul>\n<li>Musique du t\u00e9l\u00e9film \u00ab\u00a0Camping Paradise\u00a0\u00bb <em>TF1<\/em> prod par le goupe <em>Son<\/em> (salsa)<\/li>\n<li>Musique du documentaire \u00ab\u00a0Un autre regard sur\u00a0soi\u00a0\u00bb (<em>Art Production<\/em>)<\/li>\n<li>Bande son du DVD, \u00ab\u00a0Un monde \u00e0 gagner des chaines \u00e0 perdre\u00a0\u00bb, de la tourn\u00e9e du groupe Caf\u00e9 Bertrand en premi\u00e8re partie de Deep Purple (<em>Rockr\u00e9volution Records<\/em>)<\/li>\n<li>Voix pour l&rsquo;album de Roger Glover (<em>Deep Purple<\/em>)<\/li>\n<li>Montage du spectacle \u00ab\u00a0La belle au bois dormant\u00a0\u00bb (<em>Centre Chor\u00e9graphique Haute Provence<\/em>)<\/li>\n<li>Musique\u00a0de Sophrologie par B\u00e9n\u00e9dicte Flieller\u00a0(<em>Spychologue, Sophrologue<\/em>)<\/li>\n<\/ul>\n<p><strong>Enregistrements live (lors de concert)<\/strong><\/p>\n<ul>\n<li>Caf\u00e9 Bertrand (rock), Alec (rock), France Cartgny (rock), Lezard (rock pop), Etat Limite (rock),Mister Brouwn (chanson electro), Raman Gifta (metal), Melkior Liboa (chanson rock), Didier Volubile (chanson humouristique), Vida Yaman (reggae), La Poulpe (chanson r\u00e9aliste), etc.<\/li>\n<\/ul>\n<div class='shareinpost'><ul class=\"socialwrap row\"><li class=\"iconOnly\"><a rel=\"nofollow\" target=\"_blank\" href=\"http:\/\/www.blogger.com\/blog_this.pyra?t&amp;u=https%3A%2F%2Fstudiolegarage.com%2FWordPress3%2F%3Fpage_id%3D103&amp;n=Divers&amp;pli=1\" title=\"Share this post : Divers on Blogger\" ><img loading=\"lazy\" decoding=\"async\" src=\"https:\/\/studiolegarage.com\/WordPress3\/wp-content\/plugins\/share-and-follow\/images\/blank.gif\" height=\"32\" style=\"background: transparent url(https:\/\/studiolegarage.com\/WordPress3\/wp-content\/plugins\/share-and-follow\/default\/32\/sprite-32.png) no-repeat;padding:0;margin:0;height:32px;width:32px;background-position:-66px 0px\" class=\"image-32\" width=\"32\" alt=\"blogger\"\/> <span class=\"head\">Blog this!<\/span><\/a><\/li><li class=\"iconOnly\"><a rel=\"nofollow\" target=\"_blank\" href=\"http:\/\/digg.com\/submit?url=https%3A%2F%2Fstudiolegarage.com%2FWordPress3%2F%3Fpage_id%3D103&amp;title=Divers&amp;bodytext=%0A+%09Musique+du+t%C3%A9l%C3%A9film+%22Camping+Paradise%22+TF1+prod+par+le+goupe+Son+%28salsa%29%0A+%09Musique+du+documentaire+%22Un+autre+regard+sur%C2%A0soi%22+%28Art+Production%29%0A+%09Bande+son+du+DVD%2C+%22Un+monde+%C3%A0+gagner+des+chaines+%C3%A0+perdre%22%2C+de+la+tourn%C3%A9e+du+groupe+Caf%C3%A9+Bertrand+en+premi%C3%A8re+partie+de+Deep+Purple+%28Rockr%C3%A9volution+Records%29%0A+%09Voix+\" title=\"Digg this post : Divers\" ><img loading=\"lazy\" decoding=\"async\" src=\"https:\/\/studiolegarage.com\/WordPress3\/wp-content\/plugins\/share-and-follow\/images\/blank.gif\" height=\"32\" style=\"background: transparent url(https:\/\/studiolegarage.com\/WordPress3\/wp-content\/plugins\/share-and-follow\/default\/32\/sprite-32.png) no-repeat;padding:0;margin:0;height:32px;width:32px;background-position:-264px 0px\" class=\"image-32\" width=\"32\" alt=\"digg\"\/> <span class=\"head\">Digg this post<\/span><\/a><\/li><li class=\"iconOnly\"><a rel=\"nofollow\" target=\"_blank\" href=\"http:\/\/www.facebook.com\/sharer.php?u=https%3A%2F%2Fstudiolegarage.com%2FWordPress3%2F%3Fpage_id%3D103&amp;t=Divers\" title=\"Recommend this post : Divers on Facebook\" ><img loading=\"lazy\" decoding=\"async\" src=\"https:\/\/studiolegarage.com\/WordPress3\/wp-content\/plugins\/share-and-follow\/images\/blank.gif\" height=\"32\" style=\"background: transparent url(https:\/\/studiolegarage.com\/WordPress3\/wp-content\/plugins\/share-and-follow\/default\/32\/sprite-32.png) no-repeat;padding:0;margin:0;height:32px;width:32px;background-position:-363px 0px\" class=\"image-32\" width=\"32\" alt=\"facebook\"\/> <span class=\"head\">Recommend on Facebook<\/span><\/a><\/li><li class=\"iconOnly\"><a rel=\"nofollow\" target=\"_blank\" href=\"http:\/\/www.linkedin.com\/shareArticle?mini=true&amp;url=https%3A%2F%2Fstudiolegarage.com%2FWordPress3%2F%3Fpage_id%3D103&amp;title=Divers&amp;&amp;summary=%0A+%09Musique+du+t%C3%A9l%C3%A9film+%22Camping+Paradise%22+TF1+prod+par+le+goupe+Son+%28salsa%29%0A+%09Musique+du+documentaire+%22Un+autre+regard+sur%C2%A0soi%22+%28Art+Production%29%0A+%09Bande+son+du+DVD%2C+%22Un+monde+%C3%A0+gagner+des+chaines+%C3%A0+perdre%22%2C+de+la+tourn%C3%A9e+du+groupe+Caf%C3%A9+Bertrand+en+premi%C3%A8re+partie+de+Deep+Purple+%28Rockr%C3%A9volution+Records%29%0A+%09Voix+\" title=\"Share this post : Divers on Linkedin\" ><img loading=\"lazy\" decoding=\"async\" src=\"https:\/\/studiolegarage.com\/WordPress3\/wp-content\/plugins\/share-and-follow\/images\/blank.gif\" height=\"32\" style=\"background: transparent url(https:\/\/studiolegarage.com\/WordPress3\/wp-content\/plugins\/share-and-follow\/default\/32\/sprite-32.png) no-repeat;padding:0;margin:0;height:32px;width:32px;background-position:-891px 0px\" class=\"image-32\" width=\"32\" alt=\"linkedin\"\/> <span class=\"head\">Share on Linkedin<\/span><\/a><\/li><li class=\"iconOnly\"><a rel=\"nofollow\" target=\"_blank\" href=\"http:\/\/www.myspace.com\/Modules\/PostTo\/Pages\/?u=https%3A%2F%2Fstudiolegarage.com%2FWordPress3%2F%3Fpage_id%3D103\" title=\"Share this post : Divers via MySpace\" ><img loading=\"lazy\" decoding=\"async\" src=\"https:\/\/studiolegarage.com\/WordPress3\/wp-content\/plugins\/share-and-follow\/images\/blank.gif\" height=\"32\" style=\"background: transparent url(https:\/\/studiolegarage.com\/WordPress3\/wp-content\/plugins\/share-and-follow\/default\/32\/sprite-32.png) no-repeat;padding:0;margin:0;height:32px;width:32px;background-position:-1056px 0px\" class=\"image-32\" width=\"32\" alt=\"myspace\"\/> <span class=\"head\">Share via MySpace<\/span><\/a><\/li><li class=\"iconOnly\"><a rel=\"nofollow\" target=\"_blank\" href=\"http:\/\/www.reddit.com\/submit?url=https%3A%2F%2Fstudiolegarage.com%2FWordPress3%2F%3Fpage_id%3D103&amp;title=Divers\" title=\"Share this post : Divers on Reddit\" ><img loading=\"lazy\" decoding=\"async\" src=\"https:\/\/studiolegarage.com\/WordPress3\/wp-content\/plugins\/share-and-follow\/images\/blank.gif\" height=\"32\" style=\"background: transparent url(https:\/\/studiolegarage.com\/WordPress3\/wp-content\/plugins\/share-and-follow\/default\/32\/sprite-32.png) no-repeat;padding:0;margin:0;height:32px;width:32px;background-position:-1419px 0px\" class=\"image-32\" width=\"32\" alt=\"reddit\"\/> <span class=\"head\">share via Reddit<\/span><\/a><\/li><li class=\"iconOnly\"><a rel=\"nofollow\" target=\"_blank\" href=\"http:\/\/www.stumbleupon.com\/submit?url=https%3A%2F%2Fstudiolegarage.com%2FWordPress3%2F%3Fpage_id%3D103&amp;title=Divers\" title=\"Share this post : Divers with Stumblers\" ><img loading=\"lazy\" decoding=\"async\" src=\"https:\/\/studiolegarage.com\/WordPress3\/wp-content\/plugins\/share-and-follow\/images\/blank.gif\" height=\"32\" style=\"background: transparent url(https:\/\/studiolegarage.com\/WordPress3\/wp-content\/plugins\/share-and-follow\/default\/32\/sprite-32.png) no-repeat;padding:0;margin:0;height:32px;width:32px;background-position:-1617px 0px\" class=\"image-32\" width=\"32\" alt=\"stumble\"\/> <span class=\"head\">Share with Stumblers<\/span><\/a><\/li><li class=\"iconOnly\"><a rel=\"nofollow\" target=\"_blank\" href=\"http:\/\/www.tumblr.com\/share?v=3&amp;u=https%3A%2F%2Fstudiolegarage.com%2FWordPress3%2F%3Fpage_id%3D103&amp;t=Divers\" title=\"Tumblr. this post : Divers \" ><img loading=\"lazy\" decoding=\"async\" src=\"https:\/\/studiolegarage.com\/WordPress3\/wp-content\/plugins\/share-and-follow\/images\/blank.gif\" height=\"32\" style=\"background: transparent url(https:\/\/studiolegarage.com\/WordPress3\/wp-content\/plugins\/share-and-follow\/default\/32\/sprite-32.png) no-repeat;padding:0;margin:0;height:32px;width:32px;background-position:-1716px 0px\" class=\"image-32\" width=\"32\" alt=\"tumblr\"\/> <span class=\"head\">Tumblr it<\/span><\/a><\/li><li class=\"iconOnly\"><a rel=\"nofollow\" target=\"_blank\" href=\"http:\/\/twitter.com\/home\/?status=https%3A%2F%2Fstudiolegarage.com%2FWordPress3%2F%3Fpage_id%3D103\" title=\"Tweet this post : Divers on Twitter\" ><img loading=\"lazy\" decoding=\"async\" src=\"https:\/\/studiolegarage.com\/WordPress3\/wp-content\/plugins\/share-and-follow\/images\/blank.gif\" height=\"32\" style=\"background: transparent url(https:\/\/studiolegarage.com\/WordPress3\/wp-content\/plugins\/share-and-follow\/default\/32\/sprite-32.png) no-repeat;padding:0;margin:0;height:32px;width:32px;background-position:-1749px 0px\" class=\"image-32\"  width=\"32\"  alt=\"twitter\"\/> <span class=\"head\">Tweet about it<\/span><\/a><\/li><li class=\"iconOnly\"><a rel=\"nofollow\" target=\"_blank\" href=\"http:\/\/buzz.yahoo.com\/buzz?targetUrl=https%3A%2F%2Fstudiolegarage.com%2FWordPress3%2F%3Fpage_id%3D103\" title=\"Buzz up this post : Divers \" ><img loading=\"lazy\" decoding=\"async\" src=\"https:\/\/studiolegarage.com\/WordPress3\/wp-content\/plugins\/share-and-follow\/images\/blank.gif\" height=\"32\" style=\"background: transparent url(https:\/\/studiolegarage.com\/WordPress3\/wp-content\/plugins\/share-and-follow\/default\/32\/sprite-32.png) no-repeat;padding:0;margin:0;height:32px;width:32px;background-position:-1980px 0px\" class=\"image-32\" width=\"32\" alt=\"yahoo_buzz\"\/> <span class=\"head\">Buzz it up<\/span><\/a><\/li><li class=\"iconOnly\"><a rel=\"_self\" href=\"https:\/\/studiolegarage.com\/WordPress3\/?page_id=103&feed=rss2\" title=\"Follow this post : Divers comments\"><img loading=\"lazy\" decoding=\"async\" src=\"https:\/\/studiolegarage.com\/WordPress3\/wp-content\/plugins\/share-and-follow\/images\/blank.gif\" height=\"32\"  width=\"32\" style=\"background: transparent url(https:\/\/studiolegarage.com\/WordPress3\/wp-content\/plugins\/share-and-follow\/default\/32\/sprite-32.png) no-repeat;padding:0;margin:0;height:32px;width:32px;background-position:-1452px 0px\" class=\"image-32\"  alt=\"rss\" \/> <span class=\"head\">Subscribe to the comments on this post<\/span><\/a><\/li><li class=\"iconOnly\"><a rel=\"nofollow\" target=\"_self\" href=\"javascript:window.print();\" title=\"Print this post : Divers for reading later\" ><img loading=\"lazy\" decoding=\"async\" src=\"https:\/\/studiolegarage.com\/WordPress3\/wp-content\/plugins\/share-and-follow\/images\/blank.gif\" height=\"32\" style=\"background: transparent url(https:\/\/studiolegarage.com\/WordPress3\/wp-content\/plugins\/share-and-follow\/default\/32\/sprite-32.png) no-repeat;padding:0;margin:0;height:32px;width:32px;background-position:-1386px 0px\" class=\"image-32\" width=\"32\" alt=\"print\"\/> <span class=\"head\">Print for later<\/span><\/a><\/li><li class=\"iconOnly\"><a rel=\"nofollow\" target=\"_self\" href=\"javascript:window.bookMark('https%3A%2F%2Fstudiolegarage.com%2FWordPress3%2F%3Fpage_id%3D103', 'Divers', BrowserDetect.browser);\" title=\"Bookmark this post : Divers\" ><img loading=\"lazy\" decoding=\"async\" src=\"https:\/\/studiolegarage.com\/WordPress3\/wp-content\/plugins\/share-and-follow\/images\/blank.gif\" height=\"32\" style=\"background: transparent url(https:\/\/studiolegarage.com\/WordPress3\/wp-content\/plugins\/share-and-follow\/default\/32\/sprite-32.png) no-repeat;padding:0;margin:0;height:32px;width:32px;background-position:-99px 0px\" class=\"image-32\" width=\"32\" alt=\"bookmark\"\/> <span class=\"head\">Bookmark in Browser<\/span><\/a><\/li><li class=\"iconOnly\"><a rel=\"_self\" href=\"mailto:?subject=%20Studio%20Le%20Garage%20:%20Divers&amp;body=Viens%20d\u00e9couvrir%20le%20Studio%20d'enregistrement%20Le%20Garage%20!!!%20Fortement%20recommand\u00e9%20;)%20%20https:\/\/studiolegarage.com\/WordPress3\/?page_id=103\" title=\"Tell a friend about this post : Divers \"><img loading=\"lazy\" decoding=\"async\" src=\"https:\/\/studiolegarage.com\/WordPress3\/wp-content\/plugins\/share-and-follow\/images\/blank.gif\" height=\"32\"  width=\"32\" style=\"background: transparent url(https:\/\/studiolegarage.com\/WordPress3\/wp-content\/plugins\/share-and-follow\/default\/32\/sprite-32.png) no-repeat;padding:0;margin:0;height:32px;width:32px;background-position:-330px 0px\" class=\"image-32\"  alt=\"email\" \/> <span class=\"head\">Tell a friend<\/span><\/a><\/li><\/ul><div class=\"clean\"><\/div> <\/div><div style=\"padding: 10px 0 \"  class=\"interactive_bottom\"><iframe src=\"http:\/\/www.facebook.com\/plugins\/like.php?href=https%3A%2F%2Fstudiolegarage.com%2FWordPress3%2F%3Fpage_id%3D103&amp;layout=standard&amp;show_faces=false&amp;width=65&amp;action=like&amp;font=tahoma&amp;colorscheme=light&amp;height=31\" scrolling=\"no\" frameborder=\"0\" style=\"border:none; overflow:hidden; width:65px; height:31px;\" allowTransparency=\"true\"><\/iframe><\/div>","protected":false},"excerpt":{"rendered":"<p>Musique du t\u00e9l\u00e9film \u00ab\u00a0Camping Paradise\u00a0\u00bb TF1 prod par le goupe Son (salsa) Musique du documentaire \u00ab\u00a0Un autre regard sur\u00a0soi\u00a0\u00bb (Art Production) Bande son du DVD, \u00ab\u00a0Un monde \u00e0 gagner des chaines \u00e0 perdre\u00a0\u00bb, de la tourn\u00e9e du groupe Caf\u00e9 Bertrand &hellip; <a href=\"https:\/\/studiolegarage.com\/WordPress3\/?page_id=103\">Continuer la lecture <span class=\"meta-nav\">&rarr;<\/span><\/a><\/p>\n","protected":false},"author":1,"featured_media":0,"parent":89,"menu_order":4,"comment_status":"closed","ping_status":"closed","template":"","meta":{"_crdt_document":"","_monsterinsights_skip_tracking":false,"_monsterinsights_sitenote_active":false,"_monsterinsights_sitenote_note":"","_monsterinsights_sitenote_category":0,"footnotes":""},"class_list":["post-103","page","type-page","status-publish","hentry"],"_links":{"self":[{"href":"https:\/\/studiolegarage.com\/WordPress3\/index.php?rest_route=\/wp\/v2\/pages\/103","targetHints":{"allow":["GET"]}}],"collection":[{"href":"https:\/\/studiolegarage.com\/WordPress3\/index.php?rest_route=\/wp\/v2\/pages"}],"about":[{"href":"https:\/\/studiolegarage.com\/WordPress3\/index.php?rest_route=\/wp\/v2\/types\/page"}],"author":[{"embeddable":true,"href":"https:\/\/studiolegarage.com\/WordPress3\/index.php?rest_route=\/wp\/v2\/users\/1"}],"replies":[{"embeddable":true,"href":"https:\/\/studiolegarage.com\/WordPress3\/index.php?rest_route=%2Fwp%2Fv2%2Fcomments&post=103"}],"version-history":[{"count":9,"href":"https:\/\/studiolegarage.com\/WordPress3\/index.php?rest_route=\/wp\/v2\/pages\/103\/revisions"}],"predecessor-version":[{"id":1491,"href":"https:\/\/studiolegarage.com\/WordPress3\/index.php?rest_route=\/wp\/v2\/pages\/103\/revisions\/1491"}],"up":[{"embeddable":true,"href":"https:\/\/studiolegarage.com\/WordPress3\/index.php?rest_route=\/wp\/v2\/pages\/89"}],"wp:attachment":[{"href":"https:\/\/studiolegarage.com\/WordPress3\/index.php?rest_route=%2Fwp%2Fv2%2Fmedia&parent=103"}],"curies":[{"name":"wp","href":"https:\/\/api.w.org\/{rel}","templated":true}]}}