{"id":79,"date":"2012-02-02T18:34:31","date_gmt":"2012-02-02T17:34:31","guid":{"rendered":"http:\/\/studiolegarage.com\/WordPress3\/?page_id=79"},"modified":"2020-08-01T19:09:10","modified_gmt":"2020-08-01T17:09:10","slug":"plan-acces","status":"publish","type":"page","link":"https:\/\/studiolegarage.com\/WordPress3\/?page_id=79","title":{"rendered":"Plan acc\u00e8s"},"content":{"rendered":"\n<h2 class=\"wp-block-heading\">Cliquez sur la carte pour acc\u00e9der \u00e0 la localisation<\/h2>\n\n\n\n<figure class=\"wp-block-image size-large is-style-rounded\"><a href=\"https:\/\/goo.gl\/maps\/29PMpZ8ydaso7aHC6\" target=\"_blank\" rel=\"noopener noreferrer\"><img loading=\"lazy\" decoding=\"async\" width=\"608\" height=\"434\" src=\"https:\/\/studiolegarage.com\/WordPress3\/wp-content\/uploads\/2020\/08\/Capture-google-map.png\" alt=\"\" class=\"wp-image-1331\" srcset=\"https:\/\/studiolegarage.com\/WordPress3\/wp-content\/uploads\/2020\/08\/Capture-google-map.png 608w, https:\/\/studiolegarage.com\/WordPress3\/wp-content\/uploads\/2020\/08\/Capture-google-map-300x214.png 300w, https:\/\/studiolegarage.com\/WordPress3\/wp-content\/uploads\/2020\/08\/Capture-google-map-420x300.png 420w\" sizes=\"auto, (max-width: 608px) 100vw, 608px\" \/><\/a><\/figure>\n<div class='shareinpost'><ul class=\"socialwrap row\"><li class=\"iconOnly\"><a rel=\"nofollow\" target=\"_blank\" href=\"http:\/\/www.blogger.com\/blog_this.pyra?t&amp;u=https%3A%2F%2Fstudiolegarage.com%2FWordPress3%2F%3Fpage_id%3D79&amp;n=Plan+acc%C3%A8s&amp;pli=1\" title=\"Share this post : Plan acc\u00e8s on Blogger\" ><img loading=\"lazy\" decoding=\"async\" src=\"https:\/\/studiolegarage.com\/WordPress3\/wp-content\/plugins\/share-and-follow\/images\/blank.gif\" height=\"32\" style=\"background: transparent url(https:\/\/studiolegarage.com\/WordPress3\/wp-content\/plugins\/share-and-follow\/default\/32\/sprite-32.png) no-repeat;padding:0;margin:0;height:32px;width:32px;background-position:-66px 0px\" class=\"image-32\" width=\"32\" alt=\"blogger\"\/> <span class=\"head\">Blog this!<\/span><\/a><\/li><li class=\"iconOnly\"><a rel=\"nofollow\" target=\"_blank\" href=\"http:\/\/digg.com\/submit?url=https%3A%2F%2Fstudiolegarage.com%2FWordPress3%2F%3Fpage_id%3D79&amp;title=Plan+acc%C3%A8s&amp;bodytext=%0ACliquez+sur+la+carte+pour+acc%C3%A9der+%C3%A0+la+localisation%0A%0A%0A%0A%0A\" title=\"Digg this post : Plan acc\u00e8s\" ><img loading=\"lazy\" decoding=\"async\" src=\"https:\/\/studiolegarage.com\/WordPress3\/wp-content\/plugins\/share-and-follow\/images\/blank.gif\" height=\"32\" style=\"background: transparent url(https:\/\/studiolegarage.com\/WordPress3\/wp-content\/plugins\/share-and-follow\/default\/32\/sprite-32.png) no-repeat;padding:0;margin:0;height:32px;width:32px;background-position:-264px 0px\" class=\"image-32\" width=\"32\" alt=\"digg\"\/> <span class=\"head\">Digg this post<\/span><\/a><\/li><li class=\"iconOnly\"><a rel=\"nofollow\" target=\"_blank\" href=\"http:\/\/www.facebook.com\/sharer.php?u=https%3A%2F%2Fstudiolegarage.com%2FWordPress3%2F%3Fpage_id%3D79&amp;t=Plan+acc%C3%A8s\" title=\"Recommend this post : Plan acc\u00e8s on Facebook\" ><img loading=\"lazy\" decoding=\"async\" src=\"https:\/\/studiolegarage.com\/WordPress3\/wp-content\/plugins\/share-and-follow\/images\/blank.gif\" height=\"32\" style=\"background: transparent url(https:\/\/studiolegarage.com\/WordPress3\/wp-content\/plugins\/share-and-follow\/default\/32\/sprite-32.png) no-repeat;padding:0;margin:0;height:32px;width:32px;background-position:-363px 0px\" class=\"image-32\" width=\"32\" alt=\"facebook\"\/> <span class=\"head\">Recommend on Facebook<\/span><\/a><\/li><li class=\"iconOnly\"><a rel=\"nofollow\" target=\"_blank\" href=\"http:\/\/www.linkedin.com\/shareArticle?mini=true&amp;url=https%3A%2F%2Fstudiolegarage.com%2FWordPress3%2F%3Fpage_id%3D79&amp;title=Plan+acc%C3%A8s&amp;&amp;summary=%0ACliquez+sur+la+carte+pour+acc%C3%A9der+%C3%A0+la+localisation%0A%0A%0A%0A%0A\" title=\"Share this post : Plan acc\u00e8s on Linkedin\" ><img loading=\"lazy\" decoding=\"async\" src=\"https:\/\/studiolegarage.com\/WordPress3\/wp-content\/plugins\/share-and-follow\/images\/blank.gif\" height=\"32\" style=\"background: transparent url(https:\/\/studiolegarage.com\/WordPress3\/wp-content\/plugins\/share-and-follow\/default\/32\/sprite-32.png) no-repeat;padding:0;margin:0;height:32px;width:32px;background-position:-891px 0px\" class=\"image-32\" width=\"32\" alt=\"linkedin\"\/> <span class=\"head\">Share on Linkedin<\/span><\/a><\/li><li class=\"iconOnly\"><a rel=\"nofollow\" target=\"_blank\" href=\"http:\/\/www.myspace.com\/Modules\/PostTo\/Pages\/?u=https%3A%2F%2Fstudiolegarage.com%2FWordPress3%2F%3Fpage_id%3D79\" title=\"Share this post : Plan acc\u00e8s via MySpace\" ><img loading=\"lazy\" decoding=\"async\" src=\"https:\/\/studiolegarage.com\/WordPress3\/wp-content\/plugins\/share-and-follow\/images\/blank.gif\" height=\"32\" style=\"background: transparent url(https:\/\/studiolegarage.com\/WordPress3\/wp-content\/plugins\/share-and-follow\/default\/32\/sprite-32.png) no-repeat;padding:0;margin:0;height:32px;width:32px;background-position:-1056px 0px\" class=\"image-32\" width=\"32\" alt=\"myspace\"\/> <span class=\"head\">Share via MySpace<\/span><\/a><\/li><li class=\"iconOnly\"><a rel=\"nofollow\" target=\"_blank\" href=\"http:\/\/www.reddit.com\/submit?url=https%3A%2F%2Fstudiolegarage.com%2FWordPress3%2F%3Fpage_id%3D79&amp;title=Plan+acc%C3%A8s\" title=\"Share this post : Plan acc\u00e8s on Reddit\" ><img loading=\"lazy\" decoding=\"async\" src=\"https:\/\/studiolegarage.com\/WordPress3\/wp-content\/plugins\/share-and-follow\/images\/blank.gif\" height=\"32\" style=\"background: transparent url(https:\/\/studiolegarage.com\/WordPress3\/wp-content\/plugins\/share-and-follow\/default\/32\/sprite-32.png) no-repeat;padding:0;margin:0;height:32px;width:32px;background-position:-1419px 0px\" class=\"image-32\" width=\"32\" alt=\"reddit\"\/> <span class=\"head\">share via Reddit<\/span><\/a><\/li><li class=\"iconOnly\"><a rel=\"nofollow\" target=\"_blank\" href=\"http:\/\/www.stumbleupon.com\/submit?url=https%3A%2F%2Fstudiolegarage.com%2FWordPress3%2F%3Fpage_id%3D79&amp;title=Plan+acc%C3%A8s\" title=\"Share this post : Plan acc\u00e8s with Stumblers\" ><img loading=\"lazy\" decoding=\"async\" src=\"https:\/\/studiolegarage.com\/WordPress3\/wp-content\/plugins\/share-and-follow\/images\/blank.gif\" height=\"32\" style=\"background: transparent url(https:\/\/studiolegarage.com\/WordPress3\/wp-content\/plugins\/share-and-follow\/default\/32\/sprite-32.png) no-repeat;padding:0;margin:0;height:32px;width:32px;background-position:-1617px 0px\" class=\"image-32\" width=\"32\" alt=\"stumble\"\/> <span class=\"head\">Share with Stumblers<\/span><\/a><\/li><li class=\"iconOnly\"><a rel=\"nofollow\" target=\"_blank\" href=\"http:\/\/www.tumblr.com\/share?v=3&amp;u=https%3A%2F%2Fstudiolegarage.com%2FWordPress3%2F%3Fpage_id%3D79&amp;t=Plan+acc%C3%A8s\" title=\"Tumblr. this post : Plan acc\u00e8s \" ><img loading=\"lazy\" decoding=\"async\" src=\"https:\/\/studiolegarage.com\/WordPress3\/wp-content\/plugins\/share-and-follow\/images\/blank.gif\" height=\"32\" style=\"background: transparent url(https:\/\/studiolegarage.com\/WordPress3\/wp-content\/plugins\/share-and-follow\/default\/32\/sprite-32.png) no-repeat;padding:0;margin:0;height:32px;width:32px;background-position:-1716px 0px\" class=\"image-32\" width=\"32\" alt=\"tumblr\"\/> <span class=\"head\">Tumblr it<\/span><\/a><\/li><li class=\"iconOnly\"><a rel=\"nofollow\" target=\"_blank\" href=\"http:\/\/twitter.com\/home\/?status=https%3A%2F%2Fstudiolegarage.com%2FWordPress3%2F%3Fpage_id%3D79\" title=\"Tweet this post : Plan acc\u00e8s on Twitter\" ><img loading=\"lazy\" decoding=\"async\" src=\"https:\/\/studiolegarage.com\/WordPress3\/wp-content\/plugins\/share-and-follow\/images\/blank.gif\" height=\"32\" style=\"background: transparent url(https:\/\/studiolegarage.com\/WordPress3\/wp-content\/plugins\/share-and-follow\/default\/32\/sprite-32.png) no-repeat;padding:0;margin:0;height:32px;width:32px;background-position:-1749px 0px\" class=\"image-32\"  width=\"32\"  alt=\"twitter\"\/> <span class=\"head\">Tweet about it<\/span><\/a><\/li><li class=\"iconOnly\"><a rel=\"nofollow\" target=\"_blank\" href=\"http:\/\/buzz.yahoo.com\/buzz?targetUrl=https%3A%2F%2Fstudiolegarage.com%2FWordPress3%2F%3Fpage_id%3D79\" title=\"Buzz up this post : Plan acc\u00e8s \" ><img loading=\"lazy\" decoding=\"async\" src=\"https:\/\/studiolegarage.com\/WordPress3\/wp-content\/plugins\/share-and-follow\/images\/blank.gif\" height=\"32\" style=\"background: transparent url(https:\/\/studiolegarage.com\/WordPress3\/wp-content\/plugins\/share-and-follow\/default\/32\/sprite-32.png) no-repeat;padding:0;margin:0;height:32px;width:32px;background-position:-1980px 0px\" class=\"image-32\" width=\"32\" alt=\"yahoo_buzz\"\/> <span class=\"head\">Buzz it up<\/span><\/a><\/li><li class=\"iconOnly\"><a rel=\"_self\" href=\"https:\/\/studiolegarage.com\/WordPress3\/?page_id=79&feed=rss2\" title=\"Follow this post : Plan acc\u00e8s comments\"><img loading=\"lazy\" decoding=\"async\" src=\"https:\/\/studiolegarage.com\/WordPress3\/wp-content\/plugins\/share-and-follow\/images\/blank.gif\" height=\"32\"  width=\"32\" style=\"background: transparent url(https:\/\/studiolegarage.com\/WordPress3\/wp-content\/plugins\/share-and-follow\/default\/32\/sprite-32.png) no-repeat;padding:0;margin:0;height:32px;width:32px;background-position:-1452px 0px\" class=\"image-32\"  alt=\"rss\" \/> <span class=\"head\">Subscribe to the comments on this post<\/span><\/a><\/li><li class=\"iconOnly\"><a rel=\"nofollow\" target=\"_self\" href=\"javascript:window.print();\" title=\"Print this post : Plan acc\u00e8s for reading later\" ><img loading=\"lazy\" decoding=\"async\" src=\"https:\/\/studiolegarage.com\/WordPress3\/wp-content\/plugins\/share-and-follow\/images\/blank.gif\" height=\"32\" style=\"background: transparent url(https:\/\/studiolegarage.com\/WordPress3\/wp-content\/plugins\/share-and-follow\/default\/32\/sprite-32.png) no-repeat;padding:0;margin:0;height:32px;width:32px;background-position:-1386px 0px\" class=\"image-32\" width=\"32\" alt=\"print\"\/> <span class=\"head\">Print for later<\/span><\/a><\/li><li class=\"iconOnly\"><a rel=\"nofollow\" target=\"_self\" href=\"javascript:window.bookMark('https%3A%2F%2Fstudiolegarage.com%2FWordPress3%2F%3Fpage_id%3D79', 'Plan+acc%C3%A8s', BrowserDetect.browser);\" title=\"Bookmark this post : Plan acc\u00e8s\" ><img loading=\"lazy\" decoding=\"async\" src=\"https:\/\/studiolegarage.com\/WordPress3\/wp-content\/plugins\/share-and-follow\/images\/blank.gif\" height=\"32\" style=\"background: transparent url(https:\/\/studiolegarage.com\/WordPress3\/wp-content\/plugins\/share-and-follow\/default\/32\/sprite-32.png) no-repeat;padding:0;margin:0;height:32px;width:32px;background-position:-99px 0px\" class=\"image-32\" width=\"32\" alt=\"bookmark\"\/> <span class=\"head\">Bookmark in Browser<\/span><\/a><\/li><li class=\"iconOnly\"><a rel=\"_self\" href=\"mailto:?subject=%20Studio%20Le%20Garage%20:%20Plan%20acc\u00e8s&amp;body=Viens%20d\u00e9couvrir%20le%20Studio%20d'enregistrement%20Le%20Garage%20!!!%20Fortement%20recommand\u00e9%20;)%20%20https:\/\/studiolegarage.com\/WordPress3\/?page_id=79\" title=\"Tell a friend about this post : Plan acc\u00e8s \"><img loading=\"lazy\" decoding=\"async\" src=\"https:\/\/studiolegarage.com\/WordPress3\/wp-content\/plugins\/share-and-follow\/images\/blank.gif\" height=\"32\"  width=\"32\" style=\"background: transparent url(https:\/\/studiolegarage.com\/WordPress3\/wp-content\/plugins\/share-and-follow\/default\/32\/sprite-32.png) no-repeat;padding:0;margin:0;height:32px;width:32px;background-position:-330px 0px\" class=\"image-32\"  alt=\"email\" \/> <span class=\"head\">Tell a friend<\/span><\/a><\/li><\/ul><div class=\"clean\"><\/div> <\/div><div style=\"padding: 10px 0 \"  class=\"interactive_bottom\"><iframe src=\"http:\/\/www.facebook.com\/plugins\/like.php?href=https%3A%2F%2Fstudiolegarage.com%2FWordPress3%2F%3Fpage_id%3D79&amp;layout=standard&amp;show_faces=false&amp;width=65&amp;action=like&amp;font=tahoma&amp;colorscheme=light&amp;height=31\" scrolling=\"no\" frameborder=\"0\" style=\"border:none; overflow:hidden; width:65px; height:31px;\" allowTransparency=\"true\"><\/iframe><\/div>","protected":false},"excerpt":{"rendered":"<p>Cliquez sur la carte pour acc\u00e9der \u00e0 la localisation Blog this! Digg this post Recommend on Facebook Share on Linkedin Share via MySpace share via Reddit Share with Stumblers Tumblr it Tweet about it Buzz it up Subscribe to the &hellip; <a href=\"https:\/\/studiolegarage.com\/WordPress3\/?page_id=79\">Continuer la lecture <span class=\"meta-nav\">&rarr;<\/span><\/a><\/p>\n","protected":false},"author":1,"featured_media":0,"parent":77,"menu_order":0,"comment_status":"closed","ping_status":"closed","template":"","meta":{"_crdt_document":"","_monsterinsights_skip_tracking":false,"_monsterinsights_sitenote_active":false,"_monsterinsights_sitenote_note":"","_monsterinsights_sitenote_category":0,"footnotes":""},"class_list":["post-79","page","type-page","status-publish","hentry"],"_links":{"self":[{"href":"https:\/\/studiolegarage.com\/WordPress3\/index.php?rest_route=\/wp\/v2\/pages\/79","targetHints":{"allow":["GET"]}}],"collection":[{"href":"https:\/\/studiolegarage.com\/WordPress3\/index.php?rest_route=\/wp\/v2\/pages"}],"about":[{"href":"https:\/\/studiolegarage.com\/WordPress3\/index.php?rest_route=\/wp\/v2\/types\/page"}],"author":[{"embeddable":true,"href":"https:\/\/studiolegarage.com\/WordPress3\/index.php?rest_route=\/wp\/v2\/users\/1"}],"replies":[{"embeddable":true,"href":"https:\/\/studiolegarage.com\/WordPress3\/index.php?rest_route=%2Fwp%2Fv2%2Fcomments&post=79"}],"version-history":[{"count":14,"href":"https:\/\/studiolegarage.com\/WordPress3\/index.php?rest_route=\/wp\/v2\/pages\/79\/revisions"}],"predecessor-version":[{"id":1335,"href":"https:\/\/studiolegarage.com\/WordPress3\/index.php?rest_route=\/wp\/v2\/pages\/79\/revisions\/1335"}],"up":[{"embeddable":true,"href":"https:\/\/studiolegarage.com\/WordPress3\/index.php?rest_route=\/wp\/v2\/pages\/77"}],"wp:attachment":[{"href":"https:\/\/studiolegarage.com\/WordPress3\/index.php?rest_route=%2Fwp%2Fv2%2Fmedia&parent=79"}],"curies":[{"name":"wp","href":"https:\/\/api.w.org\/{rel}","templated":true}]}}